{"id":909,"date":"2021-12-11T20:15:53","date_gmt":"2021-12-11T19:15:53","guid":{"rendered":"https:\/\/bijoududoubs.com\/?page_id=909"},"modified":"2026-03-11T09:49:29","modified_gmt":"2026-03-11T08:49:29","slug":"de-sanitaereinrichtungen","status":"publish","type":"page","link":"https:\/\/bijoududoubs.com\/?page_id=909","title":{"rendered":"DE 0105 Der Platz &#8211; Unsere Sanit\u00e4reinrichtungen"},"content":{"rendered":"\n<h2 class=\"wp-block-heading\" style=\"font-size:34px\"><strong><span style=\"color:#7c9a64\" class=\"has-inline-color\">Unsere Sanit\u00e4reinrichtungen<\/span><\/strong><\/h2>\n\n\n\n<p style=\"line-height:1.4\"><mark style=\"background-color:rgba(0, 0, 0, 0);color:#3b7ab4\" class=\"has-inline-color\">Auch wenn heutige Wohnwagen und Wohnmobile deutlich besser ausgestattet sind als seinerzeit der legend\u00e4re VW-Bus: Die Sanit\u00e4reinrichtungen sind und bleiben ein wichtiges Thema f\u00fcr jeden Camper.<\/mark><br><br><mark style=\"background-color:rgba(0, 0, 0, 0);color:#3b7ab4\" class=\"has-inline-color\">Nach der \u00dcbernahme des Platzes zum 01. April 2021 haben wir uns entschieden, die Sanit\u00e4ranlagen sukzessive zu renovieren<\/mark>.<mark style=\"background-color:rgba(0, 0, 0, 0);color:#3b7ab4\" class=\"has-inline-color\"><\/mark><\/p>\n\n\n\n<div class=\"wp-block-columns is-layout-flex wp-container-core-columns-is-layout-9d6595d7 wp-block-columns-is-layout-flex\">\n<div class=\"wp-block-column is-vertically-aligned-center is-layout-flow wp-block-column-is-layout-flow\">\n<p class=\"has-text-color has-link-color wp-elements-c61b9fef44a1d5689e2909f51fd2bf18\" style=\"color:#3b7ab4\">Nach schwierigem Planungs-, Genehmigungs- und Bauprozess wurde f\u00fcr die Saison 2022 ein <strong>neuer Sanit\u00e4rblock <\/strong>in Betrieb genommen: Mit Toiletten, Urinalen und einem gro\u00dfen, rollstuhlgerechten Raum (mit Toilette, Waschbecken und Dusche) ist ein erster gro\u00dfer Schritt zur Qualit\u00e4tsverbesserung gemacht.<\/p>\n<\/div>\n\n\n\n<div class=\"wp-block-column is-vertically-aligned-center is-layout-flow wp-block-column-is-layout-flow\">\n<figure class=\"wp-block-image size-large\"><img loading=\"lazy\" decoding=\"async\" width=\"768\" height=\"1024\" src=\"https:\/\/bijoududoubs.com\/wp-content\/uploads\/2022\/05\/0105-fertiges-PMR-768x1024.jpg\" alt=\"\" class=\"wp-image-4616\" srcset=\"https:\/\/bijoududoubs.com\/wp-content\/uploads\/2022\/05\/0105-fertiges-PMR-768x1024.jpg 768w, https:\/\/bijoududoubs.com\/wp-content\/uploads\/2022\/05\/0105-fertiges-PMR-225x300.jpg 225w, https:\/\/bijoududoubs.com\/wp-content\/uploads\/2022\/05\/0105-fertiges-PMR-1152x1536.jpg 1152w, https:\/\/bijoududoubs.com\/wp-content\/uploads\/2022\/05\/0105-fertiges-PMR-1536x2048.jpg 1536w, https:\/\/bijoududoubs.com\/wp-content\/uploads\/2022\/05\/0105-fertiges-PMR-scaled.jpg 1920w\" sizes=\"auto, (max-width: 767px) 89vw, (max-width: 1000px) 54vw, (max-width: 1071px) 543px, 580px\" \/><figcaption class=\"wp-element-caption\"><mark style=\"background-color:rgba(0, 0, 0, 0);color:#3b7ab4\" class=\"has-inline-color\">Mai 2022: Der rollstuhlgerechte Sanit\u00e4rraum ist fertig.<\/mark><\/figcaption><\/figure>\n<\/div>\n<\/div>\n\n\n\n<div class=\"wp-block-columns is-layout-flex wp-container-core-columns-is-layout-9d6595d7 wp-block-columns-is-layout-flex\">\n<div class=\"wp-block-column is-vertically-aligned-center is-layout-flow wp-block-column-is-layout-flow\">\n<figure class=\"wp-block-image size-large\"><img loading=\"lazy\" decoding=\"async\" width=\"768\" height=\"1024\" src=\"https:\/\/bijoududoubs.com\/wp-content\/uploads\/2024\/03\/0105-Waschraum-2024-768x1024.jpg\" alt=\"\" class=\"wp-image-6094\" srcset=\"https:\/\/bijoududoubs.com\/wp-content\/uploads\/2024\/03\/0105-Waschraum-2024-768x1024.jpg 768w, https:\/\/bijoududoubs.com\/wp-content\/uploads\/2024\/03\/0105-Waschraum-2024-225x300.jpg 225w, https:\/\/bijoududoubs.com\/wp-content\/uploads\/2024\/03\/0105-Waschraum-2024-1152x1536.jpg 1152w, https:\/\/bijoududoubs.com\/wp-content\/uploads\/2024\/03\/0105-Waschraum-2024.jpg 1200w\" sizes=\"auto, (max-width: 767px) 89vw, (max-width: 1000px) 54vw, (max-width: 1071px) 543px, 580px\" \/><\/figure>\n<\/div>\n\n\n\n<div class=\"wp-block-column is-vertically-aligned-center is-layout-flow wp-block-column-is-layout-flow\">\n<p><mark style=\"background-color:rgba(0, 0, 0, 0);color:#3b7ab4\" class=\"has-inline-color\">Ein n\u00e4chster Renovierungsschritt umfasste zur Saison 2024 den Waschraum: Neue Fliesen, die Waschbecken wurden auch mit Warmwasser ausgestattet und es gibt jetzt auch ein niedriges Waschbecken \u2013<\/mark> <mark style=\"background-color:rgba(0, 0, 0, 0);color:#3b7ab4\" class=\"has-inline-color\">extra f\u00fcr unsere jungen G\u00e4ste! <\/mark><\/p>\n<\/div>\n<\/div>\n\n\n\n<p style=\"line-height:1.4\"><mark style=\"background-color:rgba(0, 0, 0, 0);color:#3b7ab4\" class=\"has-inline-color\">Selbstverst\u00e4ndlich geh\u00f6ren kostenfreie Duschen mit Kalt- und Warmwasser, Waschbecken und eine Einzelwaschkabine zur Ausstattung des Platzes. Zum Geschirrsp\u00fclen stehen Ihnen f\u00fcnf Waschbecken mit Kalt- und Warmwasser zur Verf\u00fcgung.<\/mark><br><br><mark style=\"background-color:rgba(0, 0, 0, 0);color:#3b7ab4\" class=\"has-inline-color\">Seit der Saison 2022 steht Ihnen gegen Geb\u00fchr eine <strong>Waschmaschine <\/strong>zur Verf\u00fcgung.<\/mark><\/p>\n\n\n\n<p style=\"line-height:1.4\"><mark style=\"background-color:rgba(0, 0, 0, 0);color:#3b7ab4\" class=\"has-inline-color\">Trotz regelm\u00e4\u00dfiger Reinigung k\u00f6nnen wir leider keine 100% &#8222;beschwerdefreien&#8220; Sanit\u00e4reinrichtungen garantieren. Bitte helfen Sie uns, die Sanit\u00e4reinrichtungen f\u00fcr alle G\u00e4ste ordentlich und sauber zu halten. <strong>DANKESCH\u00d6N!<\/strong>   <\/mark><\/p>\n\n\n\n<figure class=\"wp-block-gallery has-nested-images columns-default is-cropped wp-block-gallery-1 is-layout-flex wp-block-gallery-is-layout-flex\">\n<figure class=\"wp-block-image size-large\"><img loading=\"lazy\" decoding=\"async\" width=\"1024\" height=\"768\" data-id=\"1560\" src=\"https:\/\/bijoududoubs.com\/wp-content\/uploads\/2021\/12\/Bau-vom-Bouleplatz-aus-1024x768.jpg\" alt=\"\" class=\"wp-image-1560\" srcset=\"https:\/\/bijoududoubs.com\/wp-content\/uploads\/2021\/12\/Bau-vom-Bouleplatz-aus-1024x768.jpg 1024w, https:\/\/bijoududoubs.com\/wp-content\/uploads\/2021\/12\/Bau-vom-Bouleplatz-aus-300x225.jpg 300w, https:\/\/bijoududoubs.com\/wp-content\/uploads\/2021\/12\/Bau-vom-Bouleplatz-aus-768x576.jpg 768w, https:\/\/bijoududoubs.com\/wp-content\/uploads\/2021\/12\/Bau-vom-Bouleplatz-aus-1536x1152.jpg 1536w, https:\/\/bijoududoubs.com\/wp-content\/uploads\/2021\/12\/Bau-vom-Bouleplatz-aus-2048x1536.jpg 2048w\" sizes=\"auto, (max-width: 767px) 89vw, (max-width: 1000px) 54vw, (max-width: 1071px) 543px, 580px\" \/><\/figure>\n\n\n\n<figure class=\"wp-block-image size-large\"><img loading=\"lazy\" decoding=\"async\" width=\"768\" height=\"1024\" data-id=\"1563\" src=\"https:\/\/bijoududoubs.com\/wp-content\/uploads\/2021\/12\/Bau-von-schraeg-768x1024.jpg\" alt=\"\" class=\"wp-image-1563\" srcset=\"https:\/\/bijoududoubs.com\/wp-content\/uploads\/2021\/12\/Bau-von-schraeg-768x1024.jpg 768w, https:\/\/bijoududoubs.com\/wp-content\/uploads\/2021\/12\/Bau-von-schraeg-225x300.jpg 225w, https:\/\/bijoududoubs.com\/wp-content\/uploads\/2021\/12\/Bau-von-schraeg-1152x1536.jpg 1152w, https:\/\/bijoududoubs.com\/wp-content\/uploads\/2021\/12\/Bau-von-schraeg-1536x2048.jpg 1536w, https:\/\/bijoududoubs.com\/wp-content\/uploads\/2021\/12\/Bau-von-schraeg-scaled.jpg 1920w\" sizes=\"auto, (max-width: 767px) 89vw, (max-width: 1000px) 54vw, (max-width: 1071px) 543px, 580px\" \/><\/figure>\n\n\n\n<figure class=\"wp-block-image size-large\"><img loading=\"lazy\" decoding=\"async\" width=\"768\" height=\"1024\" data-id=\"1561\" src=\"https:\/\/bijoududoubs.com\/wp-content\/uploads\/2021\/12\/Bau-von-Daniel-aus-768x1024.jpg\" alt=\"\" class=\"wp-image-1561\" srcset=\"https:\/\/bijoududoubs.com\/wp-content\/uploads\/2021\/12\/Bau-von-Daniel-aus-768x1024.jpg 768w, https:\/\/bijoududoubs.com\/wp-content\/uploads\/2021\/12\/Bau-von-Daniel-aus-225x300.jpg 225w, https:\/\/bijoududoubs.com\/wp-content\/uploads\/2021\/12\/Bau-von-Daniel-aus-1152x1536.jpg 1152w, https:\/\/bijoududoubs.com\/wp-content\/uploads\/2021\/12\/Bau-von-Daniel-aus-1536x2048.jpg 1536w, https:\/\/bijoududoubs.com\/wp-content\/uploads\/2021\/12\/Bau-von-Daniel-aus-scaled.jpg 1920w\" sizes=\"auto, (max-width: 767px) 89vw, (max-width: 1000px) 54vw, (max-width: 1071px) 543px, 580px\" \/><\/figure>\n<figcaption class=\"blocks-gallery-caption wp-element-caption\"><mark style=\"background-color:rgba(0, 0, 0, 0);color:#3b7ab4\" class=\"has-inline-color\">Bausituation im Januar 2022<\/mark><\/figcaption><\/figure>\n\n\n\n<figure class=\"wp-block-gallery has-nested-images columns-default is-cropped wp-block-gallery-2 is-layout-flex wp-block-gallery-is-layout-flex\">\n<figure class=\"wp-block-image size-large\"><img loading=\"lazy\" decoding=\"async\" width=\"1920\" height=\"2560\" data-id=\"4243\" src=\"https:\/\/bijoududoubs.com\/wp-content\/uploads\/2022\/03\/0105-Raum-PMR-DE-scaled.jpg\" alt=\"\" class=\"wp-image-4243\" srcset=\"https:\/\/bijoududoubs.com\/wp-content\/uploads\/2022\/03\/0105-Raum-PMR-DE-scaled.jpg 1920w, https:\/\/bijoududoubs.com\/wp-content\/uploads\/2022\/03\/0105-Raum-PMR-DE-225x300.jpg 225w, https:\/\/bijoududoubs.com\/wp-content\/uploads\/2022\/03\/0105-Raum-PMR-DE-768x1024.jpg 768w, https:\/\/bijoududoubs.com\/wp-content\/uploads\/2022\/03\/0105-Raum-PMR-DE-1152x1536.jpg 1152w, https:\/\/bijoududoubs.com\/wp-content\/uploads\/2022\/03\/0105-Raum-PMR-DE-1536x2048.jpg 1536w\" sizes=\"auto, (max-width: 767px) 89vw, (max-width: 1000px) 54vw, (max-width: 1071px) 543px, 580px\" \/><\/figure>\n\n\n\n<figure class=\"wp-block-image size-large\"><img loading=\"lazy\" decoding=\"async\" width=\"2560\" height=\"1920\" data-id=\"4242\" src=\"https:\/\/bijoududoubs.com\/wp-content\/uploads\/2022\/03\/0105-Fenster-Toiletten-DE-scaled.jpg\" alt=\"\" class=\"wp-image-4242\" srcset=\"https:\/\/bijoududoubs.com\/wp-content\/uploads\/2022\/03\/0105-Fenster-Toiletten-DE-scaled.jpg 2560w, https:\/\/bijoududoubs.com\/wp-content\/uploads\/2022\/03\/0105-Fenster-Toiletten-DE-300x225.jpg 300w, https:\/\/bijoududoubs.com\/wp-content\/uploads\/2022\/03\/0105-Fenster-Toiletten-DE-1024x768.jpg 1024w, https:\/\/bijoududoubs.com\/wp-content\/uploads\/2022\/03\/0105-Fenster-Toiletten-DE-768x576.jpg 768w, https:\/\/bijoududoubs.com\/wp-content\/uploads\/2022\/03\/0105-Fenster-Toiletten-DE-1536x1152.jpg 1536w, https:\/\/bijoududoubs.com\/wp-content\/uploads\/2022\/03\/0105-Fenster-Toiletten-DE-2048x1536.jpg 2048w\" sizes=\"auto, (max-width: 767px) 89vw, (max-width: 1000px) 54vw, (max-width: 1071px) 543px, 580px\" \/><\/figure>\n\n\n\n<figure class=\"wp-block-image size-large\"><img loading=\"lazy\" decoding=\"async\" width=\"2560\" height=\"1920\" data-id=\"4241\" src=\"https:\/\/bijoududoubs.com\/wp-content\/uploads\/2022\/03\/0105-Fenster-Duschen-DE-scaled.jpg\" alt=\"\" class=\"wp-image-4241\" srcset=\"https:\/\/bijoududoubs.com\/wp-content\/uploads\/2022\/03\/0105-Fenster-Duschen-DE-scaled.jpg 2560w, https:\/\/bijoududoubs.com\/wp-content\/uploads\/2022\/03\/0105-Fenster-Duschen-DE-300x225.jpg 300w, https:\/\/bijoududoubs.com\/wp-content\/uploads\/2022\/03\/0105-Fenster-Duschen-DE-1024x768.jpg 1024w, https:\/\/bijoududoubs.com\/wp-content\/uploads\/2022\/03\/0105-Fenster-Duschen-DE-768x576.jpg 768w, https:\/\/bijoududoubs.com\/wp-content\/uploads\/2022\/03\/0105-Fenster-Duschen-DE-1536x1152.jpg 1536w, https:\/\/bijoududoubs.com\/wp-content\/uploads\/2022\/03\/0105-Fenster-Duschen-DE-2048x1536.jpg 2048w\" sizes=\"auto, (max-width: 767px) 89vw, (max-width: 1000px) 54vw, (max-width: 1071px) 543px, 580px\" \/><\/figure>\n<figcaption class=\"blocks-gallery-caption wp-element-caption\"><mark style=\"background-color:rgba(0, 0, 0, 0);color:#3b7ab4\" class=\"has-inline-color\">Bausituation Februar 2022<\/mark><\/figcaption><\/figure>\n\n\n\n<figure class=\"wp-block-gallery has-nested-images columns-default is-cropped wp-block-gallery-3 is-layout-flex wp-block-gallery-is-layout-flex\">\n<figure class=\"wp-block-image size-large\"><img loading=\"lazy\" decoding=\"async\" width=\"768\" height=\"1024\" data-id=\"4708\" src=\"https:\/\/bijoududoubs.com\/wp-content\/uploads\/2022\/11\/0105-Entstehung-Bloc-Sanitaire-1-DE-768x1024.jpg\" alt=\"\" class=\"wp-image-4708\" srcset=\"https:\/\/bijoududoubs.com\/wp-content\/uploads\/2022\/11\/0105-Entstehung-Bloc-Sanitaire-1-DE-768x1024.jpg 768w, https:\/\/bijoududoubs.com\/wp-content\/uploads\/2022\/11\/0105-Entstehung-Bloc-Sanitaire-1-DE-225x300.jpg 225w, https:\/\/bijoududoubs.com\/wp-content\/uploads\/2022\/11\/0105-Entstehung-Bloc-Sanitaire-1-DE-1152x1536.jpg 1152w, https:\/\/bijoududoubs.com\/wp-content\/uploads\/2022\/11\/0105-Entstehung-Bloc-Sanitaire-1-DE-1536x2048.jpg 1536w, https:\/\/bijoududoubs.com\/wp-content\/uploads\/2022\/11\/0105-Entstehung-Bloc-Sanitaire-1-DE-scaled.jpg 1920w\" sizes=\"auto, (max-width: 767px) 89vw, (max-width: 1000px) 54vw, (max-width: 1071px) 543px, 580px\" \/><\/figure>\n\n\n\n<figure class=\"wp-block-image size-large\"><img loading=\"lazy\" decoding=\"async\" width=\"1024\" height=\"768\" data-id=\"4710\" src=\"https:\/\/bijoududoubs.com\/wp-content\/uploads\/2022\/11\/0105-Entstehung-Bloc-Sanitaire-2-DE-1024x768.jpg\" alt=\"\" class=\"wp-image-4710\" srcset=\"https:\/\/bijoududoubs.com\/wp-content\/uploads\/2022\/11\/0105-Entstehung-Bloc-Sanitaire-2-DE-1024x768.jpg 1024w, https:\/\/bijoududoubs.com\/wp-content\/uploads\/2022\/11\/0105-Entstehung-Bloc-Sanitaire-2-DE-300x225.jpg 300w, https:\/\/bijoududoubs.com\/wp-content\/uploads\/2022\/11\/0105-Entstehung-Bloc-Sanitaire-2-DE-768x576.jpg 768w, https:\/\/bijoududoubs.com\/wp-content\/uploads\/2022\/11\/0105-Entstehung-Bloc-Sanitaire-2-DE-1536x1152.jpg 1536w, https:\/\/bijoududoubs.com\/wp-content\/uploads\/2022\/11\/0105-Entstehung-Bloc-Sanitaire-2-DE-2048x1536.jpg 2048w\" sizes=\"auto, (max-width: 767px) 89vw, (max-width: 1000px) 54vw, (max-width: 1071px) 543px, 580px\" \/><\/figure>\n\n\n\n<figure class=\"wp-block-image size-large\"><img loading=\"lazy\" decoding=\"async\" width=\"768\" height=\"1024\" data-id=\"4712\" src=\"https:\/\/bijoududoubs.com\/wp-content\/uploads\/2022\/11\/0105-Entstehung-Bloc-Sanitaire-3-DE-768x1024.jpg\" alt=\"\" class=\"wp-image-4712\" srcset=\"https:\/\/bijoududoubs.com\/wp-content\/uploads\/2022\/11\/0105-Entstehung-Bloc-Sanitaire-3-DE-768x1024.jpg 768w, https:\/\/bijoududoubs.com\/wp-content\/uploads\/2022\/11\/0105-Entstehung-Bloc-Sanitaire-3-DE-225x300.jpg 225w, https:\/\/bijoududoubs.com\/wp-content\/uploads\/2022\/11\/0105-Entstehung-Bloc-Sanitaire-3-DE-1152x1536.jpg 1152w, https:\/\/bijoududoubs.com\/wp-content\/uploads\/2022\/11\/0105-Entstehung-Bloc-Sanitaire-3-DE-1536x2048.jpg 1536w, https:\/\/bijoududoubs.com\/wp-content\/uploads\/2022\/11\/0105-Entstehung-Bloc-Sanitaire-3-DE-scaled.jpg 1920w\" sizes=\"auto, (max-width: 767px) 89vw, (max-width: 1000px) 54vw, (max-width: 1071px) 543px, 580px\" \/><\/figure>\n<figcaption class=\"blocks-gallery-caption wp-element-caption\"><mark><mark style=\"background-color:rgba(0, 0, 0, 0);color:#3b7ab4\" class=\"has-inline-color\">Bausituation im April 2022<\/mark><\/mark><\/figcaption><\/figure>\n\n\n\n<figure class=\"wp-block-gallery has-nested-images columns-default is-cropped wp-block-gallery-4 is-layout-flex wp-block-gallery-is-layout-flex\">\n<figure class=\"wp-block-image size-large\"><img loading=\"lazy\" decoding=\"async\" width=\"768\" height=\"1024\" data-id=\"4714\" src=\"https:\/\/bijoududoubs.com\/wp-content\/uploads\/2022\/11\/0105-Entstehung-Bloc-Sanitaire-4-DE-768x1024.jpg\" alt=\"\" class=\"wp-image-4714\" srcset=\"https:\/\/bijoududoubs.com\/wp-content\/uploads\/2022\/11\/0105-Entstehung-Bloc-Sanitaire-4-DE-768x1024.jpg 768w, https:\/\/bijoududoubs.com\/wp-content\/uploads\/2022\/11\/0105-Entstehung-Bloc-Sanitaire-4-DE-225x300.jpg 225w, https:\/\/bijoududoubs.com\/wp-content\/uploads\/2022\/11\/0105-Entstehung-Bloc-Sanitaire-4-DE-1152x1536.jpg 1152w, https:\/\/bijoududoubs.com\/wp-content\/uploads\/2022\/11\/0105-Entstehung-Bloc-Sanitaire-4-DE-1536x2048.jpg 1536w, https:\/\/bijoududoubs.com\/wp-content\/uploads\/2022\/11\/0105-Entstehung-Bloc-Sanitaire-4-DE-scaled.jpg 1920w\" sizes=\"auto, (max-width: 767px) 89vw, (max-width: 1000px) 54vw, (max-width: 1071px) 543px, 580px\" \/><\/figure>\n\n\n\n<figure class=\"wp-block-image size-large\"><img loading=\"lazy\" decoding=\"async\" width=\"768\" height=\"1024\" data-id=\"4717\" src=\"https:\/\/bijoududoubs.com\/wp-content\/uploads\/2022\/11\/0105-Entstehung-Bloc-Sanitaire-5-DE-768x1024.jpg\" alt=\"\" class=\"wp-image-4717\" srcset=\"https:\/\/bijoududoubs.com\/wp-content\/uploads\/2022\/11\/0105-Entstehung-Bloc-Sanitaire-5-DE-768x1024.jpg 768w, https:\/\/bijoududoubs.com\/wp-content\/uploads\/2022\/11\/0105-Entstehung-Bloc-Sanitaire-5-DE-225x300.jpg 225w, https:\/\/bijoududoubs.com\/wp-content\/uploads\/2022\/11\/0105-Entstehung-Bloc-Sanitaire-5-DE-1152x1536.jpg 1152w, https:\/\/bijoududoubs.com\/wp-content\/uploads\/2022\/11\/0105-Entstehung-Bloc-Sanitaire-5-DE-1536x2048.jpg 1536w, https:\/\/bijoududoubs.com\/wp-content\/uploads\/2022\/11\/0105-Entstehung-Bloc-Sanitaire-5-DE-scaled.jpg 1920w\" sizes=\"auto, (max-width: 767px) 89vw, (max-width: 1000px) 54vw, (max-width: 1071px) 543px, 580px\" \/><\/figure>\n\n\n\n<figure class=\"wp-block-image size-large\"><img loading=\"lazy\" decoding=\"async\" width=\"768\" height=\"1024\" data-id=\"4719\" src=\"https:\/\/bijoududoubs.com\/wp-content\/uploads\/2022\/11\/0105-Entstehung-Bloc-Sanitaire-6-DE-768x1024.jpg\" alt=\"\" class=\"wp-image-4719\" srcset=\"https:\/\/bijoududoubs.com\/wp-content\/uploads\/2022\/11\/0105-Entstehung-Bloc-Sanitaire-6-DE-768x1024.jpg 768w, https:\/\/bijoududoubs.com\/wp-content\/uploads\/2022\/11\/0105-Entstehung-Bloc-Sanitaire-6-DE-225x300.jpg 225w, https:\/\/bijoududoubs.com\/wp-content\/uploads\/2022\/11\/0105-Entstehung-Bloc-Sanitaire-6-DE-1152x1536.jpg 1152w, https:\/\/bijoududoubs.com\/wp-content\/uploads\/2022\/11\/0105-Entstehung-Bloc-Sanitaire-6-DE-1536x2048.jpg 1536w, https:\/\/bijoududoubs.com\/wp-content\/uploads\/2022\/11\/0105-Entstehung-Bloc-Sanitaire-6-DE-scaled.jpg 1920w\" sizes=\"auto, (max-width: 767px) 89vw, (max-width: 1000px) 54vw, (max-width: 1071px) 543px, 580px\" \/><\/figure>\n<figcaption class=\"blocks-gallery-caption wp-element-caption\"><mark style=\"background-color:rgba(0, 0, 0, 0);color:#3b7ab4\" class=\"has-inline-color\">Bausituation im Mai 2022<\/mark><\/figcaption><\/figure>\n","protected":false},"excerpt":{"rendered":"<p>Unsere Sanit\u00e4reinrichtungen Auch wenn heutige Wohnwagen und Wohnmobile deutlich besser ausgestattet sind als seinerzeit der legend\u00e4re VW-Bus: Die Sanit\u00e4reinrichtungen sind und bleiben ein wichtiges Thema f\u00fcr jeden Camper. Nach der \u00dcbernahme des Platzes zum 01. April 2021 haben wir uns entschieden, die Sanit\u00e4ranlagen sukzessive zu renovieren. Nach schwierigem Planungs-, Genehmigungs- und Bauprozess wurde f\u00fcr die &hellip; <\/p>\n<p class=\"link-more\"><a href=\"https:\/\/bijoududoubs.com\/?page_id=909\" class=\"more-link\"><span class=\"screen-reader-text\">\u201eDE 0105 Der Platz &#8211; Unsere Sanit\u00e4reinrichtungen\u201c <\/span>weiterlesen<\/a><\/p>\n","protected":false},"author":2,"featured_media":0,"parent":0,"menu_order":0,"comment_status":"closed","ping_status":"closed","template":"","meta":{"footnotes":""},"class_list":["post-909","page","type-page","status-publish","hentry"],"_links":{"self":[{"href":"https:\/\/bijoududoubs.com\/index.php?rest_route=\/wp\/v2\/pages\/909","targetHints":{"allow":["GET"]}}],"collection":[{"href":"https:\/\/bijoududoubs.com\/index.php?rest_route=\/wp\/v2\/pages"}],"about":[{"href":"https:\/\/bijoududoubs.com\/index.php?rest_route=\/wp\/v2\/types\/page"}],"author":[{"embeddable":true,"href":"https:\/\/bijoududoubs.com\/index.php?rest_route=\/wp\/v2\/users\/2"}],"replies":[{"embeddable":true,"href":"https:\/\/bijoududoubs.com\/index.php?rest_route=%2Fwp%2Fv2%2Fcomments&post=909"}],"version-history":[{"count":28,"href":"https:\/\/bijoududoubs.com\/index.php?rest_route=\/wp\/v2\/pages\/909\/revisions"}],"predecessor-version":[{"id":7151,"href":"https:\/\/bijoududoubs.com\/index.php?rest_route=\/wp\/v2\/pages\/909\/revisions\/7151"}],"wp:attachment":[{"href":"https:\/\/bijoududoubs.com\/index.php?rest_route=%2Fwp%2Fv2%2Fmedia&parent=909"}],"curies":[{"name":"wp","href":"https:\/\/api.w.org\/{rel}","templated":true}]}}