{"id":572,"date":"2021-12-02T15:52:38","date_gmt":"2021-12-02T14:52:38","guid":{"rendered":"https:\/\/bijoududoubs.com\/?page_id=572"},"modified":"2025-02-28T13:13:54","modified_gmt":"2025-02-28T12:13:54","slug":"fr-notre-mobil-homes","status":"publish","type":"page","link":"https:\/\/bijoududoubs.com\/?page_id=572&lang=fr","title":{"rendered":"FR 0102 Camping &#8211; Nos mobil-homes"},"content":{"rendered":"\n<h2 class=\"wp-block-heading\" id=\"nos-mobil-homes\" style=\"font-size:34px;line-height:1.4\"><strong><span style=\"color:#7c9a64\" class=\"has-inline-color\">Nos mobil-homes<\/span><\/strong><\/h2>\n\n\n\n<div class=\"wp-block-buttons is-content-justification-center is-layout-flex wp-container-core-buttons-is-layout-16018d1d wp-block-buttons-is-layout-flex\">\n<div class=\"wp-block-button has-custom-width wp-block-button__width-100 has-custom-font-size has-medium-font-size\"><a class=\"wp-block-button__link has-vivid-red-color has-text-color has-background wp-element-button\" href=\"https:\/\/www.sydevnet3.com\/Bijoududoubs\/FR\/reservation.php\" style=\"background-color:#3b7ab4\" target=\"_blank\" rel=\"noreferrer noopener\">Pour r\u00e9server &gt;&gt;<\/a><\/div>\n<\/div>\n\n\n\n<h3 class=\"wp-block-heading\" id=\"generalites\" style=\"font-size:24px\"><strong><span style=\"color:#7c9a64\" class=\"has-inline-color\">G\u00e9n\u00e9ralit\u00e9s<\/span><\/strong><\/h3>\n\n\n\n<div class=\"wp-block-columns is-layout-flex wp-container-core-columns-is-layout-9d6595d7 wp-block-columns-is-layout-flex\">\n<div class=\"wp-block-column is-layout-flow wp-block-column-is-layout-flow\" style=\"flex-basis:50%\">\n<p style=\"line-height:1.4\"><mark style=\"background-color:rgba(0, 0, 0, 0);color:#3c7ab4\" class=\"has-inline-color\">Chacun de nos six mobil-homes de <strong>cinq places<\/strong> sur 25m<sup>2<\/sup> se trouvent dans une partie s\u00e9par\u00e9e du camping (voir notre <\/mark><strong><a href=\"https:\/\/bijoududoubs.com\/?page_id=477&amp;lang=fr\" target=\"_blank\" rel=\"noreferrer noopener\"><mark style=\"background-color:rgba(0, 0, 0, 0);color:#3c7ab4\" class=\"has-inline-color\">plan du camping<\/mark><\/a><\/strong><mark style=\"background-color:rgba(0, 0, 0, 0);color:#3c7ab4\" class=\"has-inline-color\">), \u00e0 l&#8217;\u00e9cart des emplacements pour camping-cars, caravanes et tentes, et donc \u00e0 l&#8217;abri du trafic d&#8217;arriv\u00e9e et de d\u00e9part. Contrairement \u00e0 de nombreux autres terrains, ils sont tr\u00e8s \u00e9loign\u00e9s \u2013 en cas de besoin, par exemple pour les grands groupes, il y a donc toujours de la place pour une tente suppl\u00e9mentaire. Et les voisins qui ronflent ne peuvent donc pas non plus vous d\u00e9ranger \u2026<\/mark><\/p>\n<\/div>\n\n\n\n<div class=\"wp-block-column is-vertically-aligned-center is-layout-flow wp-block-column-is-layout-flow\" style=\"flex-basis:50%\">\n<figure class=\"wp-block-image size-large\"><img loading=\"lazy\" decoding=\"async\" width=\"1024\" height=\"768\" src=\"https:\/\/bijoududoubs.com\/wp-content\/uploads\/2022\/01\/0102-Anfahrt-Mobilheime-1024x768.jpg\" alt=\"\" class=\"wp-image-2578\" srcset=\"https:\/\/bijoududoubs.com\/wp-content\/uploads\/2022\/01\/0102-Anfahrt-Mobilheime-1024x768.jpg 1024w, https:\/\/bijoududoubs.com\/wp-content\/uploads\/2022\/01\/0102-Anfahrt-Mobilheime-300x225.jpg 300w, https:\/\/bijoududoubs.com\/wp-content\/uploads\/2022\/01\/0102-Anfahrt-Mobilheime-768x576.jpg 768w, https:\/\/bijoududoubs.com\/wp-content\/uploads\/2022\/01\/0102-Anfahrt-Mobilheime-1536x1152.jpg 1536w, https:\/\/bijoududoubs.com\/wp-content\/uploads\/2022\/01\/0102-Anfahrt-Mobilheime-2048x1536.jpg 2048w\" sizes=\"auto, (max-width: 767px) 89vw, (max-width: 1000px) 54vw, (max-width: 1071px) 543px, 580px\" \/><figcaption class=\"wp-element-caption\"><mark style=\"background-color:rgba(0, 0, 0, 0);color:#3b7ab4\" class=\"has-inline-color\">Chemin vers les mobil-homes<\/mark><\/figcaption><\/figure>\n<\/div>\n<\/div>\n\n\n\n<div class=\"wp-block-columns is-layout-flex wp-container-core-columns-is-layout-9d6595d7 wp-block-columns-is-layout-flex\">\n<div class=\"wp-block-column is-layout-flow wp-block-column-is-layout-flow\" style=\"flex-basis:33.33%\">\n<figure class=\"wp-block-image size-large\"><img loading=\"lazy\" decoding=\"async\" width=\"1024\" height=\"517\" src=\"https:\/\/bijoududoubs.com\/wp-content\/uploads\/2022\/01\/0103-Rauchverbot-1024x517.png\" alt=\"\" class=\"wp-image-2598\" srcset=\"https:\/\/bijoududoubs.com\/wp-content\/uploads\/2022\/01\/0103-Rauchverbot-1024x517.png 1024w, https:\/\/bijoududoubs.com\/wp-content\/uploads\/2022\/01\/0103-Rauchverbot-300x151.png 300w, https:\/\/bijoududoubs.com\/wp-content\/uploads\/2022\/01\/0103-Rauchverbot-768x388.png 768w, https:\/\/bijoududoubs.com\/wp-content\/uploads\/2022\/01\/0103-Rauchverbot.png 1092w\" sizes=\"auto, (max-width: 767px) 89vw, (max-width: 1000px) 54vw, (max-width: 1071px) 543px, 580px\" \/><\/figure>\n<\/div>\n\n\n\n<div class=\"wp-block-column is-vertically-aligned-center is-layout-flow wp-block-column-is-layout-flow\" style=\"flex-basis:66.66%\">\n<p><strong><span style=\"color:#3b7ab4\" class=\"has-inline-color\">Veuillez noter qu&#8217;il est interdit de fumer dans les mobil-homes.<\/span><\/strong><\/p>\n<\/div>\n<\/div>\n\n\n\n<div class=\"wp-block-columns is-layout-flex wp-container-core-columns-is-layout-9d6595d7 wp-block-columns-is-layout-flex\">\n<div class=\"wp-block-column is-vertically-aligned-center is-layout-flow wp-block-column-is-layout-flow\">\n<figure class=\"wp-block-image size-large is-style-rounded\"><img loading=\"lazy\" decoding=\"async\" width=\"1024\" height=\"768\" src=\"https:\/\/bijoududoubs.com\/wp-content\/uploads\/2023\/04\/0102-Mobilheime-M1-M3-1024x768.jpg\" alt=\"\" class=\"wp-image-5493\" srcset=\"https:\/\/bijoududoubs.com\/wp-content\/uploads\/2023\/04\/0102-Mobilheime-M1-M3-1024x768.jpg 1024w, https:\/\/bijoududoubs.com\/wp-content\/uploads\/2023\/04\/0102-Mobilheime-M1-M3-300x225.jpg 300w, https:\/\/bijoududoubs.com\/wp-content\/uploads\/2023\/04\/0102-Mobilheime-M1-M3-768x576.jpg 768w, https:\/\/bijoududoubs.com\/wp-content\/uploads\/2023\/04\/0102-Mobilheime-M1-M3-1536x1152.jpg 1536w, https:\/\/bijoududoubs.com\/wp-content\/uploads\/2023\/04\/0102-Mobilheime-M1-M3-2048x1536.jpg 2048w\" sizes=\"auto, (max-width: 767px) 89vw, (max-width: 1000px) 54vw, (max-width: 1071px) 543px, 580px\" \/><figcaption class=\"wp-element-caption\"><mark style=\"background-color:rgba(0, 0, 0, 0);color:#3c7ab4\" class=\"has-inline-color\">Mobil-homes M1 \u00e0 M3<\/mark><\/figcaption><\/figure>\n<\/div>\n\n\n\n<div class=\"wp-block-column is-layout-flow wp-block-column-is-layout-flow\">\n<figure class=\"wp-block-image size-large is-style-rounded\"><img loading=\"lazy\" decoding=\"async\" width=\"1024\" height=\"768\" src=\"https:\/\/bijoududoubs.com\/wp-content\/uploads\/2023\/04\/0102-Mobilheime-M4-M6-1024x768.jpg\" alt=\"\" class=\"wp-image-5496\" srcset=\"https:\/\/bijoududoubs.com\/wp-content\/uploads\/2023\/04\/0102-Mobilheime-M4-M6-1024x768.jpg 1024w, https:\/\/bijoududoubs.com\/wp-content\/uploads\/2023\/04\/0102-Mobilheime-M4-M6-300x225.jpg 300w, https:\/\/bijoududoubs.com\/wp-content\/uploads\/2023\/04\/0102-Mobilheime-M4-M6-768x576.jpg 768w, https:\/\/bijoududoubs.com\/wp-content\/uploads\/2023\/04\/0102-Mobilheime-M4-M6-1536x1152.jpg 1536w, https:\/\/bijoududoubs.com\/wp-content\/uploads\/2023\/04\/0102-Mobilheime-M4-M6-2048x1536.jpg 2048w\" sizes=\"auto, (max-width: 767px) 89vw, (max-width: 1000px) 54vw, (max-width: 1071px) 543px, 580px\" \/><figcaption class=\"wp-element-caption\"><mark style=\"background-color:rgba(0, 0, 0, 0);color:#3c7ab4\" class=\"has-inline-color\">Mobil-homes M4 \u00e0 M6<\/mark> <\/figcaption><\/figure>\n<\/div>\n<\/div>\n\n\n\n<p style=\"line-height:1.4\"><mark style=\"background-color:rgba(0, 0, 0, 0);color:#3c7ab4\" class=\"has-inline-color\">Chaque mobil-home est \u00e9quip\u00e9 de l&#8217;eau courante chaude et froide et dispose \u00e9galement de sa propre terrasse en bois de 2,6mx4,5m avec table, chaises et parasol. Vous trouverez des photos de l&#8217;int\u00e9rieur des mobil-homes <a href=\"https:\/\/bijoududoubs.com\/?page_id=5696&amp;lang=frhttps:\/\/bijoududoubs.com\/?page_id=538&amp;lang=fr\" target=\"_blank\" rel=\"noreferrer noopener\"><mark style=\"background-color:rgba(0, 0, 0, 0);color:#3c7ab4\" class=\"has-inline-color\"><strong>ici<\/strong><\/mark><\/a>.<\/mark><\/p>\n\n\n\n<p class=\"has-text-color has-link-color wp-elements-0b1ad123f309d0e647e61534f0cfdf8d\" style=\"color:#3b7ab4;line-height:1.4\"><mark style=\"background-color:rgba(0, 0, 0, 0);color:#3c7ab4\" class=\"has-inline-color\">Nos <\/mark><a href=\"https:\/\/bijoududoubs.com\/?page_id=538&amp;lang=fr\" target=\"_blank\" rel=\"noreferrer noopener\"><mark style=\"background-color:rgba(0, 0, 0, 0);color:#3c7ab4\" class=\"has-inline-color\"><strong>tarifs<\/strong><\/mark><\/a><mark style=\"background-color:rgba(0, 0, 0, 0);color:#3c7ab4\" class=\"has-inline-color\"> incluent le gaz, l&#8217;\u00e9lectricit\u00e9 et l&#8217;eau, mais pas les housses\/draps. Nous vous prions de les apporter vous-m\u00eame. Veuillez noter qu&#8217;\u00e0 la fin de votre s\u00e9jour, vous devez effectuer un nettoyage \u00ab\u00a0\u00e0 balai \u00bb. Vous trouverez des informations \u00e0 ce sujet <strong><a href=\"https:\/\/bijoududoubs.com\/?page_id=3879&amp;lang=fr\" data-type=\"page\" data-id=\"3879\" target=\"_blank\" rel=\"noreferrer noopener\">ici<\/a><\/strong>.<\/mark><\/p>\n\n\n\n<h3 class=\"wp-block-heading\" id=\"le-plan\" style=\"font-size:24px\"><strong><span style=\"color:#7c9a64\" class=\"has-inline-color\">Le plan<\/span><\/strong><\/h3>\n\n\n\n<figure class=\"wp-block-image size-large\"><img loading=\"lazy\" decoding=\"async\" width=\"1024\" height=\"819\" src=\"https:\/\/bijoududoubs.com\/wp-content\/uploads\/2022\/01\/0102-FR-Grundriss-Mobilhome-1024x819.png\" alt=\"\" class=\"wp-image-2584\" srcset=\"https:\/\/bijoududoubs.com\/wp-content\/uploads\/2022\/01\/0102-FR-Grundriss-Mobilhome-1024x819.png 1024w, https:\/\/bijoududoubs.com\/wp-content\/uploads\/2022\/01\/0102-FR-Grundriss-Mobilhome-300x240.png 300w, https:\/\/bijoududoubs.com\/wp-content\/uploads\/2022\/01\/0102-FR-Grundriss-Mobilhome-768x615.png 768w, https:\/\/bijoududoubs.com\/wp-content\/uploads\/2022\/01\/0102-FR-Grundriss-Mobilhome.png 1116w\" sizes=\"auto, (max-width: 767px) 89vw, (max-width: 1000px) 54vw, (max-width: 1071px) 543px, 580px\" \/><\/figure>\n\n\n\n<h3 class=\"wp-block-heading\" id=\"l-equipment\" style=\"font-size:24px\"><strong><span style=\"color:#7c9a64\" class=\"has-inline-color\">L&#8217;\u00e9quipment<\/span><\/strong><\/h3>\n\n\n\n<p style=\"line-height:1.4\"><mark style=\"background-color:rgba(0, 0, 0, 0);color:#3b7ab4\" class=\"has-inline-color\"><strong>Chambre 1 :<\/strong><br>\u25cf 1 grand lit 140x190cm<\/mark><br><mark style=\"background-color:rgba(0, 0, 0, 0);color:#3b7ab4\" class=\"has-inline-color\">\u25cf 2 couettes \u00e0 140x190cm, 2 oreillers \u00e0 40x75cm (sans les housses\/draps)<br>\u25cf Armoire avec compartiments et possibilit\u00e9 de suspension<br>\u25cf Commode avec 3 tiroirs<br><\/mark><br><mark style=\"background-color:rgba(0, 0, 0, 0);color:#3b7ab4\" class=\"has-inline-color\"><strong>Chambre 2 :<\/strong><br>\u25cf Un lit superpos\u00e9 avec 70x180cm et 60&#215;180 (en haut)<br>\u25cf 1 lit avec 70x180cm<br>\u25cf Chacun avec une couette \u00e0 140x190cm et un <mark style=\"background-color:rgba(0, 0, 0, 0);color:#3b7ab4\" class=\"has-inline-color\">oreiller \u00e0 40x75cm<\/mark> (sans housses\/draps) <\/mark><br><mark style=\"background-color:rgba(0, 0, 0, 0);color:#3b7ab4\" class=\"has-inline-color\"><mark style=\"background-color:rgba(0, 0, 0, 0);color:#3b7ab4\" class=\"has-inline-color\">\u25cf <\/mark>Armoire avec possibilit\u00e9 de suspension<br><\/mark><br><mark style=\"background-color:rgba(0, 0, 0, 0);color:#3b7ab4\" class=\"has-inline-color\"><strong>Salle de bain :<\/strong><br>\u25cf Lavabo<br>\u25cf Douche<br>\u25cf Toilette<strong><br><\/strong><\/mark><br><mark style=\"background-color:rgba(0, 0, 0, 0);color:#3b7ab4\" class=\"has-inline-color\"><strong>Salon:<\/strong><br>\u25cf Banc d&#8217;angle<br>\u25cf Table avec possibilit\u00e9 de d\u00e9pliage<br>\u25cf Chaises pliantes<br><\/mark><br><mark style=\"background-color:rgba(0, 0, 0, 0);color:#3b7ab4\" class=\"has-inline-color\"><strong>Cuisine:<\/strong><br>\u25cf \u00c9vier<br>\u25cf cuisini\u00e8re \u00e0 gaz, four \u00e0 gaz<br>\u25cf Po\u00eales, casseroles, vaisselle et couverts<br>\u25cf Machine \u00e0 caf\u00e9 et bouilloire \u00e9lectrique<\/mark><br><mark style=\"background-color:rgba(0, 0, 0, 0);color:#3b7ab4\" class=\"has-inline-color\">\u25cf R\u00e9frig\u00e9rateur avec compartiment cong\u00e9lateur<\/mark><\/p>\n","protected":false},"excerpt":{"rendered":"<p>Nos mobil-homes G\u00e9n\u00e9ralit\u00e9s Chacun de nos six mobil-homes de cinq places sur 25m2 se trouvent dans une partie s\u00e9par\u00e9e du camping (voir notre plan du camping), \u00e0 l&#8217;\u00e9cart des emplacements pour camping-cars, caravanes et tentes, et donc \u00e0 l&#8217;abri du trafic d&#8217;arriv\u00e9e et de d\u00e9part. Contrairement \u00e0 de nombreux autres terrains, ils sont tr\u00e8s \u00e9loign\u00e9s &hellip; <\/p>\n<p class=\"link-more\"><a href=\"https:\/\/bijoududoubs.com\/?page_id=572&#038;lang=fr\" class=\"more-link\"><span class=\"screen-reader-text\">\u201eFR 0102 Camping &#8211; Nos mobil-homes\u201c <\/span>weiterlesen<\/a><\/p>\n","protected":false},"author":2,"featured_media":0,"parent":0,"menu_order":0,"comment_status":"closed","ping_status":"closed","template":"","meta":{"footnotes":""},"class_list":["post-572","page","type-page","status-publish","hentry"],"_links":{"self":[{"href":"https:\/\/bijoududoubs.com\/index.php?rest_route=\/wp\/v2\/pages\/572","targetHints":{"allow":["GET"]}}],"collection":[{"href":"https:\/\/bijoududoubs.com\/index.php?rest_route=\/wp\/v2\/pages"}],"about":[{"href":"https:\/\/bijoududoubs.com\/index.php?rest_route=\/wp\/v2\/types\/page"}],"author":[{"embeddable":true,"href":"https:\/\/bijoududoubs.com\/index.php?rest_route=\/wp\/v2\/users\/2"}],"replies":[{"embeddable":true,"href":"https:\/\/bijoududoubs.com\/index.php?rest_route=%2Fwp%2Fv2%2Fcomments&post=572"}],"version-history":[{"count":39,"href":"https:\/\/bijoududoubs.com\/index.php?rest_route=\/wp\/v2\/pages\/572\/revisions"}],"predecessor-version":[{"id":6436,"href":"https:\/\/bijoududoubs.com\/index.php?rest_route=\/wp\/v2\/pages\/572\/revisions\/6436"}],"wp:attachment":[{"href":"https:\/\/bijoududoubs.com\/index.php?rest_route=%2Fwp%2Fv2%2Fmedia&parent=572"}],"curies":[{"name":"wp","href":"https:\/\/api.w.org\/{rel}","templated":true}]}}