{"id":474,"date":"2021-11-30T17:53:21","date_gmt":"2021-11-30T16:53:21","guid":{"rendered":"https:\/\/bijoududoubs.com\/?page_id=474"},"modified":"2025-04-18T13:47:47","modified_gmt":"2025-04-18T11:47:47","slug":"de-platzplan","status":"publish","type":"page","link":"https:\/\/bijoududoubs.com\/?page_id=474","title":{"rendered":"DE 0101 Der Platz &#8211; Platzplan"},"content":{"rendered":"\n<h2 class=\"wp-block-heading\" id=\"der-platzplan-von-bijou-du-doubs\" style=\"font-size:34px\"><strong><span style=\"color:#7c9a64\" class=\"has-inline-color\">Der Platzplan von &#8222;Bijou du Doubs&#8220;<\/span><\/strong><\/h2>\n\n\n\n<p class=\"has-vivid-red-color has-text-color\" style=\"line-height:1.4\"><mark style=\"background-color:rgba(0, 0, 0, 0);color:#3b7ab4\" class=\"has-inline-color\">Der nachfolgende Plan zeigt eine schematische Darstellung unseres Campingplatzes. Er soll keine ma\u00dfstabsgetreue Wiedergabe sein, Ihnen jedoch einen \u00dcberblick \u00fcber die Lage der Stellpl\u00e4tze, der sanit\u00e4ren Einrichtungen und der Versorgungspunkte geben.<\/mark><\/p>\n\n\n\n<div class=\"wp-block-file\"><a id=\"wp-block-file--media-c053715b-7886-411e-97d3-b514bc081afa\" href=\"https:\/\/bijoududoubs.com\/wp-content\/uploads\/2025\/04\/0101-Plan-du-camping-DE-2025.pdf\" target=\"_blank\" rel=\"noreferrer noopener\"><mark style=\"background-color:rgba(0, 0, 0, 0);color:#3b7ab4\" class=\"has-inline-color\"><strong>Hier k\u00f6nnen Sie den Platzplan im pdf-Format herunterladen.<\/strong><\/mark><\/a><\/div>\n\n\n\n<figure class=\"wp-block-image size-large\"><img loading=\"lazy\" decoding=\"async\" width=\"1024\" height=\"724\" src=\"https:\/\/bijoududoubs.com\/wp-content\/uploads\/2025\/04\/0101-Plan-du-camping-DE-2025-1024x724.png\" alt=\"\" class=\"wp-image-6594\" srcset=\"https:\/\/bijoududoubs.com\/wp-content\/uploads\/2025\/04\/0101-Plan-du-camping-DE-2025-1024x724.png 1024w, https:\/\/bijoududoubs.com\/wp-content\/uploads\/2025\/04\/0101-Plan-du-camping-DE-2025-300x212.png 300w, https:\/\/bijoududoubs.com\/wp-content\/uploads\/2025\/04\/0101-Plan-du-camping-DE-2025-768x543.png 768w, https:\/\/bijoududoubs.com\/wp-content\/uploads\/2025\/04\/0101-Plan-du-camping-DE-2025-1536x1086.png 1536w, https:\/\/bijoududoubs.com\/wp-content\/uploads\/2025\/04\/0101-Plan-du-camping-DE-2025.png 1754w\" sizes=\"auto, (max-width: 767px) 89vw, (max-width: 1000px) 54vw, (max-width: 1071px) 543px, 580px\" \/><\/figure>\n\n\n\n<p style=\"line-height:1.4\"><mark style=\"background-color:rgba(0, 0, 0, 0);color:#3b7ab4\" class=\"has-inline-color\">Nicht darstellen konnten wir die zwei &#8222;Ebenen&#8220; des Platzes:<\/mark><br><br><mark style=\"background-color:rgba(0, 0, 0, 0);color:#3b7ab4\" class=\"has-inline-color\">Die <strong>erste Ebene<\/strong> ist der flache, \u00fcberwiegend sandige Platzteil  zwischen Doubs und der Hauptstra\u00dfe des Platzes, d.h. die Chalets C1 und C2,<\/mark> <mark style=\"background-color:rgba(0, 0, 0, 0);color:#3b7ab4\" class=\"has-inline-color\">die Stellpl\u00e4tze 01 bis 29, 31, 32 und \u2013 seit der Saison 2023 \u2013 die neuen Stellpl\u00e4tze 47 bis 52.<\/mark> <br><br><mark style=\"background-color:rgba(0, 0, 0, 0);color:#3b7ab4\" class=\"has-inline-color\">Die <strong>zweite Ebene<\/strong> liegt etwa 1 bis 1,2m erh\u00f6ht und ist ebenfalls flach mit erdig-kiesigem Grund. Sie umfasst die Stellpl\u00e4tze 30 und 33 bis 46 sowie die Mobilheime M1 bis M6.<\/mark><\/p>\n","protected":false},"excerpt":{"rendered":"<p>Der Platzplan von &#8222;Bijou du Doubs&#8220; Der nachfolgende Plan zeigt eine schematische Darstellung unseres Campingplatzes. Er soll keine ma\u00dfstabsgetreue Wiedergabe sein, Ihnen jedoch einen \u00dcberblick \u00fcber die Lage der Stellpl\u00e4tze, der sanit\u00e4ren Einrichtungen und der Versorgungspunkte geben. Nicht darstellen konnten wir die zwei &#8222;Ebenen&#8220; des Platzes: Die erste Ebene ist der flache, \u00fcberwiegend sandige Platzteil &hellip; <\/p>\n<p class=\"link-more\"><a href=\"https:\/\/bijoududoubs.com\/?page_id=474\" class=\"more-link\"><span class=\"screen-reader-text\">\u201eDE 0101 Der Platz &#8211; Platzplan\u201c <\/span>weiterlesen<\/a><\/p>\n","protected":false},"author":2,"featured_media":0,"parent":0,"menu_order":0,"comment_status":"closed","ping_status":"closed","template":"","meta":{"footnotes":""},"class_list":["post-474","page","type-page","status-publish","hentry"],"_links":{"self":[{"href":"https:\/\/bijoududoubs.com\/index.php?rest_route=\/wp\/v2\/pages\/474","targetHints":{"allow":["GET"]}}],"collection":[{"href":"https:\/\/bijoududoubs.com\/index.php?rest_route=\/wp\/v2\/pages"}],"about":[{"href":"https:\/\/bijoududoubs.com\/index.php?rest_route=\/wp\/v2\/types\/page"}],"author":[{"embeddable":true,"href":"https:\/\/bijoududoubs.com\/index.php?rest_route=\/wp\/v2\/users\/2"}],"replies":[{"embeddable":true,"href":"https:\/\/bijoududoubs.com\/index.php?rest_route=%2Fwp%2Fv2%2Fcomments&post=474"}],"version-history":[{"count":33,"href":"https:\/\/bijoududoubs.com\/index.php?rest_route=\/wp\/v2\/pages\/474\/revisions"}],"predecessor-version":[{"id":6603,"href":"https:\/\/bijoududoubs.com\/index.php?rest_route=\/wp\/v2\/pages\/474\/revisions\/6603"}],"wp:attachment":[{"href":"https:\/\/bijoududoubs.com\/index.php?rest_route=%2Fwp%2Fv2%2Fmedia&parent=474"}],"curies":[{"name":"wp","href":"https:\/\/api.w.org\/{rel}","templated":true}]}}