{"id":1715,"date":"2021-12-28T20:18:49","date_gmt":"2021-12-28T19:18:49","guid":{"rendered":"https:\/\/bijoududoubs.com\/?page_id=1715"},"modified":"2025-11-23T16:31:41","modified_gmt":"2025-11-23T15:31:41","slug":"de-05-galiere-angler","status":"publish","type":"page","link":"https:\/\/bijoududoubs.com\/?page_id=1715","title":{"rendered":"DE 0501 Galerie &#8211; Angler"},"content":{"rendered":"\n<h2 class=\"wp-block-heading\" style=\"font-size:34px\"><strong><span style=\"color:#7c9a64\" class=\"has-inline-color\">Impressionen f\u00fcr unsere Angler-G\u00e4ste<\/span><\/strong><\/h2>\n\n\n\n<p style=\"line-height:1.4\"><mark style=\"background-color:rgba(0, 0, 0, 0);color:#3b7ab4\" class=\"has-inline-color\">Nachfolgend haben wir Ihnen <strong>einige Bilder speziell f\u00fcr Angler<\/strong> zusammengestellt. Offensichtlich ist unser Platz ein Eldorado f\u00fcr Wels- und Zander-Fischer &#8230; Sie finden aber auch Barsche, \u00c4schen, und, und, und &#8230;<\/mark><br><br><mark style=\"background-color:rgba(0, 0, 0, 0);color:#3b7ab4\" class=\"has-inline-color\">Informationen zum erforderlichen Angelschein finden sie <\/mark><strong><a href=\"https:\/\/bijoududoubs.com\/?page_id=1318\"><mark style=\"background-color:rgba(0, 0, 0, 0);color:#3b7ab4\" class=\"has-inline-color\">hier<\/mark><\/a><\/strong><mark style=\"background-color:rgba(0, 0, 0, 0);color:#3b7ab4\" class=\"has-inline-color\">. Und <strong><a href=\"https:\/\/bijoududoubs.com\/?page_id=608#Ruderboot-ausleihen\"><mark style=\"background-color:rgba(0, 0, 0, 0);color:#3b7ab4\" class=\"has-inline-color\">hier<\/mark><\/a><\/strong><\/mark> <mark style=\"background-color:rgba(0, 0, 0, 0);color:#3b7ab4\" class=\"has-inline-color\">finden Sie alles \u00fcber unser Ruderboot zum ausleihen.<\/mark><br><mark style=\"background-color:rgba(0, 0, 0, 0);color:#3b7ab4\" class=\"has-inline-color\"><br>Wir w\u00fcnschen Ihnen <strong>&#8222;Petri Heil&#8220;<\/strong> f\u00fcr Ihren Aufenthalt!<\/mark><\/p>\n\n\n\n<figure class=\"wp-block-gallery has-nested-images columns-1 is-cropped wp-block-gallery-1 is-layout-flex wp-block-gallery-is-layout-flex\">\n<figure class=\"wp-block-image size-large\"><img loading=\"lazy\" decoding=\"async\" width=\"1024\" height=\"576\" data-id=\"6638\" src=\"https:\/\/bijoududoubs.com\/wp-content\/uploads\/2025\/11\/0501-240m-Wels-Nico-Koch-28.08.2025-1024x576.jpg\" alt=\"\" class=\"wp-image-6638\" srcset=\"https:\/\/bijoududoubs.com\/wp-content\/uploads\/2025\/11\/0501-240m-Wels-Nico-Koch-28.08.2025-1024x576.jpg 1024w, https:\/\/bijoududoubs.com\/wp-content\/uploads\/2025\/11\/0501-240m-Wels-Nico-Koch-28.08.2025-300x169.jpg 300w, https:\/\/bijoududoubs.com\/wp-content\/uploads\/2025\/11\/0501-240m-Wels-Nico-Koch-28.08.2025-768x432.jpg 768w, https:\/\/bijoududoubs.com\/wp-content\/uploads\/2025\/11\/0501-240m-Wels-Nico-Koch-28.08.2025-1536x864.jpg 1536w, https:\/\/bijoududoubs.com\/wp-content\/uploads\/2025\/11\/0501-240m-Wels-Nico-Koch-28.08.2025-2048x1152.jpg 2048w\" sizes=\"auto, (max-width: 767px) 89vw, (max-width: 1000px) 54vw, (max-width: 1071px) 543px, 580px\" \/><figcaption class=\"wp-element-caption\">August 2025 &#8211; Wels mit 2,40m<\/figcaption><\/figure>\n\n\n\n<figure class=\"wp-block-image size-large\"><img loading=\"lazy\" decoding=\"async\" width=\"768\" height=\"1024\" data-id=\"6617\" src=\"https:\/\/bijoududoubs.com\/wp-content\/uploads\/2025\/08\/0501-250506-Carpe-de-90cm-165kg-768x1024.jpg\" alt=\"\" class=\"wp-image-6617\" srcset=\"https:\/\/bijoududoubs.com\/wp-content\/uploads\/2025\/08\/0501-250506-Carpe-de-90cm-165kg-768x1024.jpg 768w, https:\/\/bijoududoubs.com\/wp-content\/uploads\/2025\/08\/0501-250506-Carpe-de-90cm-165kg-225x300.jpg 225w, https:\/\/bijoududoubs.com\/wp-content\/uploads\/2025\/08\/0501-250506-Carpe-de-90cm-165kg-1152x1536.jpg 1152w, https:\/\/bijoududoubs.com\/wp-content\/uploads\/2025\/08\/0501-250506-Carpe-de-90cm-165kg.jpg 1200w\" sizes=\"auto, (max-width: 767px) 89vw, (max-width: 1000px) 54vw, (max-width: 1071px) 543px, 580px\" \/><figcaption class=\"wp-element-caption\">Mai 2025 &#8211; Karpfen mit 90cm und 16,5kg<\/figcaption><\/figure>\n\n\n\n<figure class=\"wp-block-image size-large\"><img loading=\"lazy\" decoding=\"async\" width=\"1024\" height=\"768\" data-id=\"6263\" src=\"https:\/\/bijoududoubs.com\/wp-content\/uploads\/2024\/06\/0501-160-Wels-Juni-2024-Andreas-und-Manuela-Duerr-1024x768.jpg\" alt=\"\" class=\"wp-image-6263\" srcset=\"https:\/\/bijoududoubs.com\/wp-content\/uploads\/2024\/06\/0501-160-Wels-Juni-2024-Andreas-und-Manuela-Duerr-1024x768.jpg 1024w, https:\/\/bijoududoubs.com\/wp-content\/uploads\/2024\/06\/0501-160-Wels-Juni-2024-Andreas-und-Manuela-Duerr-300x225.jpg 300w, https:\/\/bijoududoubs.com\/wp-content\/uploads\/2024\/06\/0501-160-Wels-Juni-2024-Andreas-und-Manuela-Duerr-768x576.jpg 768w, https:\/\/bijoududoubs.com\/wp-content\/uploads\/2024\/06\/0501-160-Wels-Juni-2024-Andreas-und-Manuela-Duerr-1536x1152.jpg 1536w, https:\/\/bijoududoubs.com\/wp-content\/uploads\/2024\/06\/0501-160-Wels-Juni-2024-Andreas-und-Manuela-Duerr.jpg 1600w\" sizes=\"auto, (max-width: 767px) 89vw, (max-width: 1000px) 54vw, (max-width: 1071px) 543px, 580px\" \/><figcaption class=\"wp-element-caption\">Juni 2024 &#8211; 1,60m<\/figcaption><\/figure>\n\n\n\n<figure class=\"wp-block-image size-large\"><img loading=\"lazy\" decoding=\"async\" width=\"1024\" height=\"768\" data-id=\"6253\" src=\"https:\/\/bijoududoubs.com\/wp-content\/uploads\/2024\/05\/0501-230-Wels-Mai-2024-Carlo-1024x768.jpg\" alt=\"\" class=\"wp-image-6253\" srcset=\"https:\/\/bijoududoubs.com\/wp-content\/uploads\/2024\/05\/0501-230-Wels-Mai-2024-Carlo-1024x768.jpg 1024w, https:\/\/bijoududoubs.com\/wp-content\/uploads\/2024\/05\/0501-230-Wels-Mai-2024-Carlo-300x225.jpg 300w, https:\/\/bijoududoubs.com\/wp-content\/uploads\/2024\/05\/0501-230-Wels-Mai-2024-Carlo-768x576.jpg 768w, https:\/\/bijoududoubs.com\/wp-content\/uploads\/2024\/05\/0501-230-Wels-Mai-2024-Carlo-1536x1152.jpg 1536w, https:\/\/bijoududoubs.com\/wp-content\/uploads\/2024\/05\/0501-230-Wels-Mai-2024-Carlo.jpg 2048w\" sizes=\"auto, (max-width: 767px) 89vw, (max-width: 1000px) 54vw, (max-width: 1071px) 543px, 580px\" \/><figcaption class=\"wp-element-caption\">Mai 2024 &#8211; 2,30m<\/figcaption><\/figure>\n\n\n\n<figure class=\"wp-block-image size-large\"><img loading=\"lazy\" decoding=\"async\" width=\"1024\" height=\"768\" data-id=\"5865\" src=\"https:\/\/bijoududoubs.com\/wp-content\/uploads\/2023\/05\/0501-Wels-250m-Dennis-Stahl-DE-1024x768.jpeg\" alt=\"\" class=\"wp-image-5865\" srcset=\"https:\/\/bijoududoubs.com\/wp-content\/uploads\/2023\/05\/0501-Wels-250m-Dennis-Stahl-DE-1024x768.jpeg 1024w, https:\/\/bijoududoubs.com\/wp-content\/uploads\/2023\/05\/0501-Wels-250m-Dennis-Stahl-DE-300x225.jpeg 300w, https:\/\/bijoududoubs.com\/wp-content\/uploads\/2023\/05\/0501-Wels-250m-Dennis-Stahl-DE-768x576.jpeg 768w, https:\/\/bijoududoubs.com\/wp-content\/uploads\/2023\/05\/0501-Wels-250m-Dennis-Stahl-DE-1536x1152.jpeg 1536w, https:\/\/bijoududoubs.com\/wp-content\/uploads\/2023\/05\/0501-Wels-250m-Dennis-Stahl-DE-2048x1536.jpeg 2048w\" sizes=\"auto, (max-width: 767px) 89vw, (max-width: 1000px) 54vw, (max-width: 1071px) 543px, 580px\" \/><figcaption class=\"wp-element-caption\">Mai 2023 &#8211; 2,50m<\/figcaption><\/figure>\n\n\n\n<figure class=\"wp-block-image size-large\"><img loading=\"lazy\" decoding=\"async\" width=\"1024\" height=\"768\" data-id=\"2910\" src=\"https:\/\/bijoududoubs.com\/wp-content\/uploads\/2022\/01\/0501-190m-Wels-1024x768.jpg\" alt=\"\" class=\"wp-image-2910\" srcset=\"https:\/\/bijoududoubs.com\/wp-content\/uploads\/2022\/01\/0501-190m-Wels-1024x768.jpg 1024w, https:\/\/bijoududoubs.com\/wp-content\/uploads\/2022\/01\/0501-190m-Wels-300x225.jpg 300w, https:\/\/bijoududoubs.com\/wp-content\/uploads\/2022\/01\/0501-190m-Wels-768x576.jpg 768w, https:\/\/bijoududoubs.com\/wp-content\/uploads\/2022\/01\/0501-190m-Wels-1536x1152.jpg 1536w, https:\/\/bijoududoubs.com\/wp-content\/uploads\/2022\/01\/0501-190m-Wels.jpg 1600w\" sizes=\"auto, (max-width: 767px) 89vw, (max-width: 1000px) 54vw, (max-width: 1071px) 543px, 580px\" \/><figcaption class=\"wp-element-caption\">Mai 2022 &#8211; 1,90m<\/figcaption><\/figure>\n\n\n\n<figure class=\"wp-block-image size-large\"><img loading=\"lazy\" decoding=\"async\" width=\"1024\" height=\"768\" data-id=\"2911\" src=\"https:\/\/bijoududoubs.com\/wp-content\/uploads\/2022\/01\/0501-Angel-Nebel.jpg\" alt=\"\" class=\"wp-image-2911\" srcset=\"https:\/\/bijoududoubs.com\/wp-content\/uploads\/2022\/01\/0501-Angel-Nebel.jpg 1024w, https:\/\/bijoududoubs.com\/wp-content\/uploads\/2022\/01\/0501-Angel-Nebel-300x225.jpg 300w, https:\/\/bijoududoubs.com\/wp-content\/uploads\/2022\/01\/0501-Angel-Nebel-768x576.jpg 768w\" sizes=\"auto, (max-width: 767px) 89vw, (max-width: 1000px) 54vw, (max-width: 1071px) 543px, 580px\" \/><figcaption class=\"wp-element-caption\">Stilleben mit Rute \ud83d\ude42<\/figcaption><\/figure>\n\n\n\n<figure class=\"wp-block-image size-large\"><img loading=\"lazy\" decoding=\"async\" width=\"1024\" height=\"768\" data-id=\"2914\" src=\"https:\/\/bijoududoubs.com\/wp-content\/uploads\/2022\/01\/0501-Angler-Sommer-1024x768.jpg\" alt=\"\" class=\"wp-image-2914\" srcset=\"https:\/\/bijoududoubs.com\/wp-content\/uploads\/2022\/01\/0501-Angler-Sommer-1024x768.jpg 1024w, https:\/\/bijoududoubs.com\/wp-content\/uploads\/2022\/01\/0501-Angler-Sommer-300x225.jpg 300w, https:\/\/bijoududoubs.com\/wp-content\/uploads\/2022\/01\/0501-Angler-Sommer-768x576.jpg 768w, https:\/\/bijoududoubs.com\/wp-content\/uploads\/2022\/01\/0501-Angler-Sommer-1536x1152.jpg 1536w, https:\/\/bijoududoubs.com\/wp-content\/uploads\/2022\/01\/0501-Angler-Sommer-2048x1536.jpg 2048w\" sizes=\"auto, (max-width: 767px) 89vw, (max-width: 1000px) 54vw, (max-width: 1071px) 543px, 580px\" \/><\/figure>\n\n\n\n<figure class=\"wp-block-image size-large\"><img loading=\"lazy\" decoding=\"async\" width=\"1024\" height=\"768\" data-id=\"2915\" src=\"https:\/\/bijoududoubs.com\/wp-content\/uploads\/2022\/01\/0501-Boot-Abend-1024x768.jpg\" alt=\"\" class=\"wp-image-2915\" srcset=\"https:\/\/bijoududoubs.com\/wp-content\/uploads\/2022\/01\/0501-Boot-Abend-1024x768.jpg 1024w, https:\/\/bijoududoubs.com\/wp-content\/uploads\/2022\/01\/0501-Boot-Abend-300x225.jpg 300w, https:\/\/bijoududoubs.com\/wp-content\/uploads\/2022\/01\/0501-Boot-Abend-768x576.jpg 768w, https:\/\/bijoududoubs.com\/wp-content\/uploads\/2022\/01\/0501-Boot-Abend-1536x1152.jpg 1536w, https:\/\/bijoududoubs.com\/wp-content\/uploads\/2022\/01\/0501-Boot-Abend.jpg 1600w\" sizes=\"auto, (max-width: 767px) 89vw, (max-width: 1000px) 54vw, (max-width: 1071px) 543px, 580px\" \/><\/figure>\n\n\n\n<figure class=\"wp-block-image size-large\"><img loading=\"lazy\" decoding=\"async\" width=\"1024\" height=\"768\" data-id=\"2918\" src=\"https:\/\/bijoududoubs.com\/wp-content\/uploads\/2022\/01\/0501-Kinder-mit-Angeln-1024x768.jpg\" alt=\"\" class=\"wp-image-2918\" srcset=\"https:\/\/bijoududoubs.com\/wp-content\/uploads\/2022\/01\/0501-Kinder-mit-Angeln-1024x768.jpg 1024w, https:\/\/bijoududoubs.com\/wp-content\/uploads\/2022\/01\/0501-Kinder-mit-Angeln-300x225.jpg 300w, https:\/\/bijoududoubs.com\/wp-content\/uploads\/2022\/01\/0501-Kinder-mit-Angeln-768x576.jpg 768w, https:\/\/bijoududoubs.com\/wp-content\/uploads\/2022\/01\/0501-Kinder-mit-Angeln-1536x1152.jpg 1536w, https:\/\/bijoududoubs.com\/wp-content\/uploads\/2022\/01\/0501-Kinder-mit-Angeln-2048x1536.jpg 2048w\" sizes=\"auto, (max-width: 767px) 89vw, (max-width: 1000px) 54vw, (max-width: 1071px) 543px, 580px\" \/><figcaption class=\"wp-element-caption\">Nachwuchs &#8230;<\/figcaption><\/figure>\n\n\n\n<figure class=\"wp-block-image size-large\"><img loading=\"lazy\" decoding=\"async\" width=\"558\" height=\"1024\" data-id=\"2920\" src=\"https:\/\/bijoududoubs.com\/wp-content\/uploads\/2022\/01\/0501-Ufer-vom-Wasser-558x1024.jpg\" alt=\"\" class=\"wp-image-2920\" srcset=\"https:\/\/bijoududoubs.com\/wp-content\/uploads\/2022\/01\/0501-Ufer-vom-Wasser-558x1024.jpg 558w, https:\/\/bijoududoubs.com\/wp-content\/uploads\/2022\/01\/0501-Ufer-vom-Wasser-164x300.jpg 164w, https:\/\/bijoududoubs.com\/wp-content\/uploads\/2022\/01\/0501-Ufer-vom-Wasser-768x1409.jpg 768w, https:\/\/bijoududoubs.com\/wp-content\/uploads\/2022\/01\/0501-Ufer-vom-Wasser-837x1536.jpg 837w, https:\/\/bijoududoubs.com\/wp-content\/uploads\/2022\/01\/0501-Ufer-vom-Wasser.jpg 872w\" sizes=\"auto, (max-width: 558px) 100vw, 558px\" \/><\/figure>\n\n\n\n<figure class=\"wp-block-image size-large\"><img loading=\"lazy\" decoding=\"async\" width=\"1024\" height=\"768\" data-id=\"2919\" src=\"https:\/\/bijoududoubs.com\/wp-content\/uploads\/2022\/01\/0501-Treppe-Sonnenuntergang-1024x768.jpg\" alt=\"\" class=\"wp-image-2919\" srcset=\"https:\/\/bijoududoubs.com\/wp-content\/uploads\/2022\/01\/0501-Treppe-Sonnenuntergang-1024x768.jpg 1024w, https:\/\/bijoududoubs.com\/wp-content\/uploads\/2022\/01\/0501-Treppe-Sonnenuntergang-300x225.jpg 300w, https:\/\/bijoududoubs.com\/wp-content\/uploads\/2022\/01\/0501-Treppe-Sonnenuntergang-768x576.jpg 768w, https:\/\/bijoududoubs.com\/wp-content\/uploads\/2022\/01\/0501-Treppe-Sonnenuntergang-1536x1152.jpg 1536w, https:\/\/bijoududoubs.com\/wp-content\/uploads\/2022\/01\/0501-Treppe-Sonnenuntergang.jpg 1600w\" sizes=\"auto, (max-width: 767px) 89vw, (max-width: 1000px) 54vw, (max-width: 1071px) 543px, 580px\" \/><\/figure>\n\n\n\n<figure class=\"wp-block-image size-large\"><img loading=\"lazy\" decoding=\"async\" width=\"768\" height=\"1024\" data-id=\"2917\" src=\"https:\/\/bijoududoubs.com\/wp-content\/uploads\/2022\/01\/0501-Jungs-mit-Angeln-768x1024.jpg\" alt=\"\" class=\"wp-image-2917\" srcset=\"https:\/\/bijoududoubs.com\/wp-content\/uploads\/2022\/01\/0501-Jungs-mit-Angeln-768x1024.jpg 768w, https:\/\/bijoududoubs.com\/wp-content\/uploads\/2022\/01\/0501-Jungs-mit-Angeln-225x300.jpg 225w, https:\/\/bijoududoubs.com\/wp-content\/uploads\/2022\/01\/0501-Jungs-mit-Angeln-1152x1536.jpg 1152w, https:\/\/bijoududoubs.com\/wp-content\/uploads\/2022\/01\/0501-Jungs-mit-Angeln-1536x2048.jpg 1536w, https:\/\/bijoududoubs.com\/wp-content\/uploads\/2022\/01\/0501-Jungs-mit-Angeln-scaled.jpg 1920w\" sizes=\"auto, (max-width: 767px) 89vw, (max-width: 1000px) 54vw, (max-width: 1071px) 543px, 580px\" \/><\/figure>\n\n\n\n<figure class=\"wp-block-image size-large\"><img loading=\"lazy\" decoding=\"async\" width=\"515\" height=\"1024\" data-id=\"2913\" src=\"https:\/\/bijoududoubs.com\/wp-content\/uploads\/2022\/01\/0501-Angler-hinten-515x1024.jpg\" alt=\"\" class=\"wp-image-2913\" srcset=\"https:\/\/bijoududoubs.com\/wp-content\/uploads\/2022\/01\/0501-Angler-hinten-515x1024.jpg 515w, https:\/\/bijoududoubs.com\/wp-content\/uploads\/2022\/01\/0501-Angler-hinten-151x300.jpg 151w, https:\/\/bijoududoubs.com\/wp-content\/uploads\/2022\/01\/0501-Angler-hinten-768x1526.jpg 768w, https:\/\/bijoududoubs.com\/wp-content\/uploads\/2022\/01\/0501-Angler-hinten-773x1536.jpg 773w, https:\/\/bijoududoubs.com\/wp-content\/uploads\/2022\/01\/0501-Angler-hinten.jpg 902w\" sizes=\"auto, (max-width: 515px) 100vw, 515px\" \/><\/figure>\n\n\n\n<figure class=\"wp-block-image size-large\"><img loading=\"lazy\" decoding=\"async\" width=\"1024\" height=\"768\" data-id=\"2912\" src=\"https:\/\/bijoududoubs.com\/wp-content\/uploads\/2022\/01\/0501-Angler-Abendsonne-1024x768.jpg\" alt=\"\" class=\"wp-image-2912\" srcset=\"https:\/\/bijoududoubs.com\/wp-content\/uploads\/2022\/01\/0501-Angler-Abendsonne-1024x768.jpg 1024w, https:\/\/bijoududoubs.com\/wp-content\/uploads\/2022\/01\/0501-Angler-Abendsonne-300x225.jpg 300w, https:\/\/bijoududoubs.com\/wp-content\/uploads\/2022\/01\/0501-Angler-Abendsonne-768x576.jpg 768w, https:\/\/bijoududoubs.com\/wp-content\/uploads\/2022\/01\/0501-Angler-Abendsonne-1536x1152.jpg 1536w, https:\/\/bijoududoubs.com\/wp-content\/uploads\/2022\/01\/0501-Angler-Abendsonne.jpg 1600w\" sizes=\"auto, (max-width: 767px) 89vw, (max-width: 1000px) 54vw, (max-width: 1071px) 543px, 580px\" \/><\/figure>\n\n\n\n<figure class=\"wp-block-image size-large\"><img loading=\"lazy\" decoding=\"async\" width=\"1024\" height=\"1024\" data-id=\"2916\" src=\"https:\/\/bijoududoubs.com\/wp-content\/uploads\/2022\/01\/0501-Doubs-1024x1024.jpg\" alt=\"\" class=\"wp-image-2916\" srcset=\"https:\/\/bijoududoubs.com\/wp-content\/uploads\/2022\/01\/0501-Doubs-1024x1024.jpg 1024w, https:\/\/bijoududoubs.com\/wp-content\/uploads\/2022\/01\/0501-Doubs-300x300.jpg 300w, https:\/\/bijoududoubs.com\/wp-content\/uploads\/2022\/01\/0501-Doubs-150x150.jpg 150w, https:\/\/bijoududoubs.com\/wp-content\/uploads\/2022\/01\/0501-Doubs-768x768.jpg 768w, https:\/\/bijoududoubs.com\/wp-content\/uploads\/2022\/01\/0501-Doubs-100x100.jpg 100w, https:\/\/bijoududoubs.com\/wp-content\/uploads\/2022\/01\/0501-Doubs.jpg 1080w\" sizes=\"auto, (max-width: 767px) 89vw, (max-width: 1000px) 54vw, (max-width: 1071px) 543px, 580px\" \/><\/figure>\n\n\n\n<figure class=\"wp-block-image size-large\"><img loading=\"lazy\" decoding=\"async\" width=\"1024\" height=\"768\" data-id=\"2921\" src=\"https:\/\/bijoududoubs.com\/wp-content\/uploads\/2022\/01\/0501-Wels-126cm-1024x768.jpg\" alt=\"\" class=\"wp-image-2921\" srcset=\"https:\/\/bijoududoubs.com\/wp-content\/uploads\/2022\/01\/0501-Wels-126cm-1024x768.jpg 1024w, https:\/\/bijoududoubs.com\/wp-content\/uploads\/2022\/01\/0501-Wels-126cm-300x225.jpg 300w, https:\/\/bijoududoubs.com\/wp-content\/uploads\/2022\/01\/0501-Wels-126cm-768x576.jpg 768w, https:\/\/bijoududoubs.com\/wp-content\/uploads\/2022\/01\/0501-Wels-126cm-1536x1152.jpg 1536w, https:\/\/bijoududoubs.com\/wp-content\/uploads\/2022\/01\/0501-Wels-126cm-2048x1536.jpg 2048w\" sizes=\"auto, (max-width: 767px) 89vw, (max-width: 1000px) 54vw, (max-width: 1071px) 543px, 580px\" \/><\/figure>\n<\/figure>\n\n\n\n<figure class=\"wp-block-image size-large\"><img loading=\"lazy\" decoding=\"async\" width=\"768\" height=\"1024\" src=\"https:\/\/bijoududoubs.com\/wp-content\/uploads\/2022\/05\/0501-Wels-Marian-Franc-CZ-768x1024.jpg\" alt=\"\" class=\"wp-image-4594\" srcset=\"https:\/\/bijoududoubs.com\/wp-content\/uploads\/2022\/05\/0501-Wels-Marian-Franc-CZ-768x1024.jpg 768w, https:\/\/bijoududoubs.com\/wp-content\/uploads\/2022\/05\/0501-Wels-Marian-Franc-CZ-225x300.jpg 225w, https:\/\/bijoududoubs.com\/wp-content\/uploads\/2022\/05\/0501-Wels-Marian-Franc-CZ-1152x1536.jpg 1152w, https:\/\/bijoududoubs.com\/wp-content\/uploads\/2022\/05\/0501-Wels-Marian-Franc-CZ.jpg 1536w\" sizes=\"auto, (max-width: 767px) 89vw, (max-width: 1000px) 54vw, (max-width: 1071px) 543px, 580px\" \/><\/figure>\n","protected":false},"excerpt":{"rendered":"<p>Impressionen f\u00fcr unsere Angler-G\u00e4ste Nachfolgend haben wir Ihnen einige Bilder speziell f\u00fcr Angler zusammengestellt. Offensichtlich ist unser Platz ein Eldorado f\u00fcr Wels- und Zander-Fischer &#8230; Sie finden aber auch Barsche, \u00c4schen, und, und, und &#8230; Informationen zum erforderlichen Angelschein finden sie hier. Und hier finden Sie alles \u00fcber unser Ruderboot zum ausleihen.Wir w\u00fcnschen Ihnen &#8222;Petri &hellip; <\/p>\n<p class=\"link-more\"><a href=\"https:\/\/bijoududoubs.com\/?page_id=1715\" class=\"more-link\"><span class=\"screen-reader-text\">\u201eDE 0501 Galerie &#8211; Angler\u201c <\/span>weiterlesen<\/a><\/p>\n","protected":false},"author":2,"featured_media":0,"parent":0,"menu_order":0,"comment_status":"closed","ping_status":"closed","template":"","meta":{"footnotes":""},"class_list":["post-1715","page","type-page","status-publish","hentry"],"_links":{"self":[{"href":"https:\/\/bijoududoubs.com\/index.php?rest_route=\/wp\/v2\/pages\/1715","targetHints":{"allow":["GET"]}}],"collection":[{"href":"https:\/\/bijoududoubs.com\/index.php?rest_route=\/wp\/v2\/pages"}],"about":[{"href":"https:\/\/bijoududoubs.com\/index.php?rest_route=\/wp\/v2\/types\/page"}],"author":[{"embeddable":true,"href":"https:\/\/bijoududoubs.com\/index.php?rest_route=\/wp\/v2\/users\/2"}],"replies":[{"embeddable":true,"href":"https:\/\/bijoududoubs.com\/index.php?rest_route=%2Fwp%2Fv2%2Fcomments&post=1715"}],"version-history":[{"count":27,"href":"https:\/\/bijoududoubs.com\/index.php?rest_route=\/wp\/v2\/pages\/1715\/revisions"}],"predecessor-version":[{"id":6644,"href":"https:\/\/bijoududoubs.com\/index.php?rest_route=\/wp\/v2\/pages\/1715\/revisions\/6644"}],"wp:attachment":[{"href":"https:\/\/bijoududoubs.com\/index.php?rest_route=%2Fwp%2Fv2%2Fmedia&parent=1715"}],"curies":[{"name":"wp","href":"https:\/\/api.w.org\/{rel}","templated":true}]}}